{"id":63,"date":"2017-12-01T16:14:29","date_gmt":"2017-12-01T14:14:29","guid":{"rendered":"http:\/\/buehne74-primstal.de\/?page_id=63"},"modified":"2017-12-01T16:55:48","modified_gmt":"2017-12-01T14:55:48","slug":"ueber-uns","status":"publish","type":"page","link":"http:\/\/buehne74-primstal.de\/?page_id=63","title":{"rendered":"\u00dcber Uns"},"content":{"rendered":"<p>Der Theaterverein B\u00fchne 74 wurde 1974 in Primstal gegr\u00fcndet. Er hat 42 Mitglieder, wobei von 16 bis 60 Jahren alle Altersstufen vertreten sind. In den \u00fcber 40 Jahren hat der Verein bereits alle Genre gezeigt: vom Lustspiel und (Kriminal-)Kom\u00f6dien, \u00fcber Klassiker \u2013 zum Teil mit abstrakten Elementen modern inszeniert \u2013 bis hin zu M\u00e4rchen und zeitgen\u00f6ssischen St\u00fccken.<\/p>\n<p>Schauspiel, Maske, Regie, B\u00fchnenbau&#8230; f\u00fcr eine gelungene Auff\u00fchrung sind viele Talente gefragt. Deshalb ist die B\u00fchne 74 immer auf der Suche nach neuen Mitgliedern. Alle sind herzlich eingeladen!<\/p>\n","protected":false},"excerpt":{"rendered":"<p>Der Theaterverein B\u00fchne 74 wurde 1974 in Primstal gegr\u00fcndet. Er hat 42 Mitglieder, wobei von 16 bis 60 Jahren alle Altersstufen vertreten sind. In den \u00fcber 40 Jahren hat der Verein bereits alle Genre gezeigt: vom Lustspiel und (Kriminal-)Kom\u00f6dien, \u00fcber Klassiker \u2013 zum Teil mit abstrakten Elementen modern inszeniert \u2013 bis hin zu M\u00e4rchen und [&hellip;]<\/p>\n","protected":false},"author":1,"featured_media":0,"parent":0,"menu_order":1,"comment_status":"closed","ping_status":"closed","template":"","meta":{"ngg_post_thumbnail":0},"_links":{"self":[{"href":"http:\/\/buehne74-primstal.de\/index.php?rest_route=\/wp\/v2\/pages\/63"}],"collection":[{"href":"http:\/\/buehne74-primstal.de\/index.php?rest_route=\/wp\/v2\/pages"}],"about":[{"href":"http:\/\/buehne74-primstal.de\/index.php?rest_route=\/wp\/v2\/types\/page"}],"author":[{"embeddable":true,"href":"http:\/\/buehne74-primstal.de\/index.php?rest_route=\/wp\/v2\/users\/1"}],"replies":[{"embeddable":true,"href":"http:\/\/buehne74-primstal.de\/index.php?rest_route=%2Fwp%2Fv2%2Fcomments&post=63"}],"version-history":[{"count":1,"href":"http:\/\/buehne74-primstal.de\/index.php?rest_route=\/wp\/v2\/pages\/63\/revisions"}],"predecessor-version":[{"id":64,"href":"http:\/\/buehne74-primstal.de\/index.php?rest_route=\/wp\/v2\/pages\/63\/revisions\/64"}],"wp:attachment":[{"href":"http:\/\/buehne74-primstal.de\/index.php?rest_route=%2Fwp%2Fv2%2Fmedia&parent=63"}],"curies":[{"name":"wp","href":"https:\/\/api.w.org\/{rel}","templated":true}]}}